{"id":198,"date":"2020-12-23T10:27:35","date_gmt":"2020-12-23T13:27:35","guid":{"rendered":"http:\/\/planetpoker.com.br\/?page_id=198"},"modified":"2025-03-28T11:14:53","modified_gmt":"2025-03-28T14:14:53","slug":"mesa-de-poker-pe-retratil","status":"publish","type":"page","link":"https:\/\/planetpoker.com.br\/index.php\/mesa-de-poker-pe-retratil\/","title":{"rendered":"Mesa de Poker com P\u00e9 Retr\u00e1til"},"content":{"rendered":"<p>[et_pb_section fb_built=&#8221;1&#8243; _builder_version=&#8221;4.16&#8243; _module_preset=&#8221;default&#8221; global_colors_info=&#8221;{}&#8221;][et_pb_row _builder_version=&#8221;4.16&#8243; _module_preset=&#8221;default&#8221; global_colors_info=&#8221;{}&#8221;][et_pb_column type=&#8221;4_4&#8243; _builder_version=&#8221;4.16&#8243; _module_preset=&#8221;default&#8221; global_colors_info=&#8221;{}&#8221;][et_pb_text _builder_version=&#8221;4.16&#8243; _module_preset=&#8221;default&#8221; text_font_size=&#8221;19px&#8221; custom_padding=&#8221;0px|||||&#8221; global_colors_info=&#8221;{}&#8221;]<\/p>\n<h1 style=\"text-align: center;\"><strong>Mesa Oficial para Poker Modelo Carolina<\/strong><\/h1>\n<p style=\"text-align: center;\"><strong>Mesa de Poker com P\u00e9 Retr\u00e1til<\/strong><\/p>\n<p>[\/et_pb_text][\/et_pb_column][\/et_pb_row][et_pb_row _builder_version=&#8221;4.16&#8243; _module_preset=&#8221;default&#8221; global_colors_info=&#8221;{}&#8221;][et_pb_column type=&#8221;4_4&#8243; _builder_version=&#8221;4.16&#8243; _module_preset=&#8221;default&#8221; global_colors_info=&#8221;{}&#8221;][et_pb_text _builder_version=&#8221;4.16&#8243; _module_preset=&#8221;default&#8221; text_font_size=&#8221;20px&#8221; global_colors_info=&#8221;{}&#8221;]<\/p>\n<p style=\"text-align: center;\"><strong>Realize o seu sonho de ter uma mesa de Poker Oficial, igual aquelas vistas em torneios profissionais, sem perder o espa\u00e7o utilizado na sua casa.<\/strong><\/p>\n<p>[\/et_pb_text][et_pb_image src=&#8221;https:\/\/planetpoker.com.br\/wp-content\/uploads\/2020\/12\/mesa-de-poker-profissional-com-pe-retratil.jpg&#8221; alt=&#8221;mesa de poker profissional com pe retratil&#8221; title_text=&#8221;mesa-de-poker-profissional-com-pe-retratil&#8221; align=&#8221;center&#8221; _builder_version=&#8221;4.16&#8243; _module_preset=&#8221;default&#8221; global_colors_info=&#8221;{}&#8221;][\/et_pb_image][et_pb_text _builder_version=&#8221;4.16&#8243; _module_preset=&#8221;default&#8221; text_font_size=&#8221;18px&#8221; global_colors_info=&#8221;{}&#8221;]<\/p>\n<p>Imagine como ser\u00e1 receber seus amigos para uma partida (ou um torneio) de Poker e colocar eles em uma Mesa Profissional, como essas de torneios e de famosos.<\/p>\n<p>Agora isso \u00e9 poss\u00edvel, mesmo que voc\u00ea tenha um espa\u00e7o reduzido para armazenar sua mesa (<strong>com os p\u00e9s dobrados a mesa tem apenas 15cm de espessura<\/strong>).<\/p>\n<p>Com os p\u00e9s retr\u00e1teis, voc\u00ea pode dobrar as pernas da mesa e guardar atr\u00e1s de uma porta, arm\u00e1rio ou encostar ela na parede.<\/p>\n<p>Voc\u00ea pode ter uma mesa produzida pela mesma empresa que j\u00e1 desenvolveu mesas para jogadores como <strong>Neymar<\/strong> e <strong>Daniel Alves<\/strong>, al\u00e9m de campeonatos famosos como <strong>Brazilian Poker Tour<\/strong>.<\/p>\n<p>E o valor \u00e9 <span style=\"text-decoration: underline;\">muito mais acess\u00edvel que voc\u00ea imagina<\/span>.<\/p>\n<p>[\/et_pb_text][\/et_pb_column][\/et_pb_row][et_pb_row column_structure=&#8221;1_3,1_3,1_3&#8243; _builder_version=&#8221;4.16&#8243; _module_preset=&#8221;default&#8221; global_colors_info=&#8221;{}&#8221;][et_pb_column type=&#8221;1_3&#8243; _builder_version=&#8221;4.16&#8243; _module_preset=&#8221;default&#8221; global_colors_info=&#8221;{}&#8221;][et_pb_image src=&#8221;https:\/\/planetpoker.com.br\/wp-content\/uploads\/2020\/12\/mesa-de-poker-neymar-pe-dobravel.jpg&#8221; alt=&#8221;mesa de poker neymar pe dobravel&#8221; title_text=&#8221;mesa-de-poker-neymar-pe-dobravel&#8221; _builder_version=&#8221;4.16&#8243; _module_preset=&#8221;default&#8221; global_colors_info=&#8221;{}&#8221;][\/et_pb_image][\/et_pb_column][et_pb_column type=&#8221;1_3&#8243; _builder_version=&#8221;4.16&#8243; _module_preset=&#8221;default&#8221; global_colors_info=&#8221;{}&#8221;][et_pb_image src=&#8221;https:\/\/planetpoker.com.br\/wp-content\/uploads\/2020\/12\/mesa-de-poker-pe-retratil-profissional.jpg&#8221; alt=&#8221;mesa de poker pe retratil profissional&#8221; title_text=&#8221;mesa-de-poker-pe-retratil-profissional&#8221; _builder_version=&#8221;4.16&#8243; _module_preset=&#8221;default&#8221; global_colors_info=&#8221;{}&#8221;][\/et_pb_image][\/et_pb_column][et_pb_column type=&#8221;1_3&#8243; _builder_version=&#8221;4.16&#8243; _module_preset=&#8221;default&#8221; global_colors_info=&#8221;{}&#8221;][et_pb_image src=&#8221;https:\/\/planetpoker.com.br\/wp-content\/uploads\/2020\/12\/mesa-profissional-de-poker-para-casa-pe-dobravel.jpg&#8221; alt=&#8221;mesa profissional de poker para casa pe dobravel&#8221; title_text=&#8221;mesa-profissional-de-poker-para-casa-pe-dobravel&#8221; _builder_version=&#8221;4.16&#8243; _module_preset=&#8221;default&#8221; global_colors_info=&#8221;{}&#8221;][\/et_pb_image][\/et_pb_column][\/et_pb_row][et_pb_row _builder_version=&#8221;4.16&#8243; _module_preset=&#8221;default&#8221; global_colors_info=&#8221;{}&#8221;][et_pb_column type=&#8221;4_4&#8243; _builder_version=&#8221;4.16&#8243; _module_preset=&#8221;default&#8221; global_colors_info=&#8221;{}&#8221;][et_pb_text _builder_version=&#8221;4.16&#8243; _module_preset=&#8221;default&#8221; text_font_size=&#8221;40px&#8221; global_colors_info=&#8221;{}&#8221;]<\/p>\n<h2 style=\"text-align: center;\"><span style=\"font-size: 20px; font-family: inherit; font-weight: normal;\"><strong>A Melhor Mesa de Poker do mercado utilizando Materiais 100% Certificados<\/strong><\/span><\/h2>\n<p>[\/et_pb_text][et_pb_text _builder_version=&#8221;4.16&#8243; _module_preset=&#8221;default&#8221; text_font_size=&#8221;25px&#8221; text_line_height=&#8221;1.2em&#8221; global_colors_info=&#8221;{}&#8221;]<\/p>\n<p style=\"text-align: center;\">Sua mesa pode ser montada de 06 at\u00e9 12 jogadores e o melhor: <br \/><span style=\"text-decoration: underline;\">personalizamos o tecido da sua Mesa sem custo adicional.<\/span><\/p>\n<p>[\/et_pb_text][et_pb_text _builder_version=&#8221;4.16&#8243; _module_preset=&#8221;default&#8221; text_font_size=&#8221;17px&#8221; header_font_size=&#8221;40px&#8221; custom_padding=&#8221;1px|||||&#8221; global_colors_info=&#8221;{}&#8221;]<\/p>\n<h3>Detalhes dos materiais utilizados na melhor Mesa de Poker do Brasil:<\/h3>\n<p><span>\u2705\u00a0<\/span>MDF 18mm 100% Ecol\u00f3gico;<br \/> <span>\u2705\u00a0<\/span>P\u00e9s Retr\u00e1teis na Cor preta com Pintura Especial;<br \/> <span>\u2705\u00a0<\/span>Borda em Cour\u00edssimo Preto 3D (<em>O cour\u00edssimo cobre a parte de espuma da lateral da mesa que serve de apoio para os bra\u00e7os<\/em>);<br \/> <span>\u2705\u00a0<\/span>Tecido Personalizado;<\/p>\n<p>[\/et_pb_text][et_pb_image src=&#8221;https:\/\/planetpoker.com.br\/wp-content\/uploads\/2020\/12\/mesa-poker-para-casa-pe-dobravel.jpg&#8221; alt=&#8221;mesa poker para casa pe dobravel&#8221; title_text=&#8221;mesa-poker-para-casa-pe-dobravel&#8221; align=&#8221;center&#8221; _builder_version=&#8221;4.16&#8243; _module_preset=&#8221;default&#8221; global_colors_info=&#8221;{}&#8221;][\/et_pb_image][et_pb_text _builder_version=&#8221;4.16&#8243; _module_preset=&#8221;default&#8221; text_font_size=&#8221;25px&#8221; text_line_height=&#8221;1.2em&#8221; global_colors_info=&#8221;{}&#8221;]<\/p>\n<p style=\"text-align: center;\">Escolha o Tamanho Ideal para o seu Ambiente de Jogo:<\/p>\n<p>[\/et_pb_text][\/et_pb_column][\/et_pb_row][et_pb_row column_structure=&#8221;2_5,3_5&#8243; _builder_version=&#8221;4.16&#8243; _module_preset=&#8221;default&#8221; global_colors_info=&#8221;{}&#8221;][et_pb_column type=&#8221;2_5&#8243; _builder_version=&#8221;4.16&#8243; _module_preset=&#8221;default&#8221; global_colors_info=&#8221;{}&#8221;][et_pb_image src=&#8221;https:\/\/planetpoker.com.br\/wp-content\/uploads\/2020\/12\/mesa-de-poker-compacta-profissional-180&#215;90-1.jpg&#8221; alt=&#8221;mesa de poker compacta profissional 180&#215;90&#8243; title_text=&#8221;mesa-de-poker-compacta-profissional-180&#215;90&#8243; align=&#8221;center&#8221; _builder_version=&#8221;4.16&#8243; _module_preset=&#8221;default&#8221; global_colors_info=&#8221;{}&#8221;][\/et_pb_image][\/et_pb_column][et_pb_column type=&#8221;3_5&#8243; _builder_version=&#8221;4.16&#8243; _module_preset=&#8221;default&#8221; global_colors_info=&#8221;{}&#8221;][et_pb_text _builder_version=&#8221;4.16&#8243; _module_preset=&#8221;default&#8221; global_colors_info=&#8221;{}&#8221;]<\/p>\n<h3><strong>Mesa de Poker Profissional com P\u00e9s Retr\u00e1teis | Tamanho P<\/strong><\/h3>\n<p><strong>Ideal para at\u00e9 07 jogadores<\/strong><\/p>\n<p><strong>Largura: 90 cm<br \/>Comprimento: 180 cm<br \/>Altura (a partir do ch\u00e3o): 77 cm<br \/>Espessura (com os p\u00e9s dobrados): 15 cm<\/strong><\/p>\n<p><strong>Voc\u00ea pode solicitar a mesa com ou sem a entrada para dealer no momento em que fizer o pedido.<\/strong><\/p>\n<p><strong><span style=\"font-size: large;\">Consulte valor e condi\u00e7\u00f5es clicando abaixo<\/span><\/strong><\/p>\n<p>[\/et_pb_text][et_pb_button button_url=&#8221;https:\/\/api.whatsapp.com\/send?phone=5511994008711&#038;text=quero%20mesa%20carolina%20tamanho%20P&#8221; button_text=&#8221;Quero uma Tamanho P&#8221; _builder_version=&#8221;4.16&#8243; _module_preset=&#8221;default&#8221; custom_button=&#8221;on&#8221; button_text_color=&#8221;#ffffff&#8221; button_bg_color=&#8221;#1d43c1&#8243; global_colors_info=&#8221;{}&#8221;][\/et_pb_button][\/et_pb_column][\/et_pb_row][et_pb_row column_structure=&#8221;2_5,3_5&#8243; _builder_version=&#8221;4.16&#8243; _module_preset=&#8221;default&#8221; global_colors_info=&#8221;{}&#8221;][et_pb_column type=&#8221;2_5&#8243; _builder_version=&#8221;4.16&#8243; _module_preset=&#8221;default&#8221; global_colors_info=&#8221;{}&#8221;][et_pb_image src=&#8221;https:\/\/planetpoker.com.br\/wp-content\/uploads\/2020\/12\/mesa-de-poker-pe-dobravel-260&#215;110-1.jpg&#8221; alt=&#8221;mesa de poker pe dobravel 260&#215;110&#8243; title_text=&#8221;mesa-de-poker-pe-dobravel-260&#215;110&#8243; align=&#8221;center&#8221; _builder_version=&#8221;4.16&#8243; _module_preset=&#8221;default&#8221; global_colors_info=&#8221;{}&#8221;][\/et_pb_image][\/et_pb_column][et_pb_column type=&#8221;3_5&#8243; _builder_version=&#8221;4.16&#8243; _module_preset=&#8221;default&#8221; global_colors_info=&#8221;{}&#8221;][et_pb_text _builder_version=&#8221;4.16&#8243; _module_preset=&#8221;default&#8221; global_colors_info=&#8221;{}&#8221;]<\/p>\n<h3><strong>Mesa de Poker Profissional com P\u00e9s Retr\u00e1teis | Tamanho M<\/strong><\/h3>\n<p><strong>Ideal para at\u00e9 10 jogadores<\/strong><\/p>\n<p><strong>Largura: 110 cm<br \/>Comprimento: 260 cm<br \/>Altura (a partir do ch\u00e3o): 77 cm<br \/>Espessura (com os p\u00e9s dobrados): 15 cm<\/strong><\/p>\n<p><strong>Voc\u00ea pode solicitar a mesa com ou sem a entrada para dealer no momento em que fizer o pedido.<\/strong><\/p>\n<p><strong><span style=\"font-size: large;\">Consulte valor e condi\u00e7\u00f5es clicando abaixo<\/span><\/strong><\/p>\n<p>[\/et_pb_text][et_pb_button button_url=&#8221;https:\/\/api.whatsapp.com\/send?phone=5511994008711&#038;text=quero%20mesa%20carolina%20tamanho%20M&#8221; button_text=&#8221;Quero uma Tamanho M&#8221; _builder_version=&#8221;4.16&#8243; _module_preset=&#8221;default&#8221; custom_button=&#8221;on&#8221; button_text_color=&#8221;#ffffff&#8221; button_bg_color=&#8221;#1d43c1&#8243; global_colors_info=&#8221;{}&#8221;][\/et_pb_button][\/et_pb_column][\/et_pb_row][et_pb_row column_structure=&#8221;2_5,3_5&#8243; _builder_version=&#8221;4.16&#8243; _module_preset=&#8221;default&#8221; global_colors_info=&#8221;{}&#8221;][et_pb_column type=&#8221;2_5&#8243; _builder_version=&#8221;4.16&#8243; _module_preset=&#8221;default&#8221; global_colors_info=&#8221;{}&#8221;][et_pb_image src=&#8221;https:\/\/planetpoker.com.br\/wp-content\/uploads\/2020\/12\/mesa-de-poker-pe-retratil-270&#215;130-1.jpg&#8221; alt=&#8221;mesa de poker pe retratil 270&#215;130&#8243; title_text=&#8221;mesa-de-poker-pe-retratil-270&#215;130&#8243; align=&#8221;center&#8221; _builder_version=&#8221;4.16&#8243; _module_preset=&#8221;default&#8221; global_colors_info=&#8221;{}&#8221;][\/et_pb_image][\/et_pb_column][et_pb_column type=&#8221;3_5&#8243; _builder_version=&#8221;4.16&#8243; _module_preset=&#8221;default&#8221; global_colors_info=&#8221;{}&#8221;][et_pb_text _builder_version=&#8221;4.16&#8243; _module_preset=&#8221;default&#8221; global_colors_info=&#8221;{}&#8221;]<\/p>\n<h3><strong>Mesa de Poker Profissional com P\u00e9s Retr\u00e1teis | Tamanho G<\/strong><\/h3>\n<p><strong>Ideal para at\u00e9 12 jogadores<\/strong><\/p>\n<p><strong>Largura: 130 cm<br \/>Comprimento: 270 cm<br \/>Altura (a partir do ch\u00e3o): 77 cm<br \/>Espessura (com os p\u00e9s dobrados): 15 cm<\/strong><\/p>\n<p><strong>Voc\u00ea pode solicitar a mesa com ou sem a entrada para dealer no momento em que fizer o pedido.<\/strong><\/p>\n<p><strong><span style=\"font-size: large;\">Consulte valor e condi\u00e7\u00f5es clicando abaixo<\/span><\/strong><\/p>\n<p>[\/et_pb_text][et_pb_button button_url=&#8221;https:\/\/api.whatsapp.com\/send?phone=5511994008711&#038;text=quero%20mesa%20carolina%20tamanho%20G&#8221; button_text=&#8221;Quero uma Tamanho G&#8221; _builder_version=&#8221;4.16&#8243; _module_preset=&#8221;default&#8221; custom_button=&#8221;on&#8221; button_text_color=&#8221;#ffffff&#8221; button_bg_color=&#8221;#1d43c1&#8243; global_colors_info=&#8221;{}&#8221;][\/et_pb_button][\/et_pb_column][\/et_pb_row][\/et_pb_section]<\/p>\n","protected":false},"excerpt":{"rendered":"<p>Mesa Oficial para Poker Modelo Carolina Mesa de Poker com P\u00e9 Retr\u00e1tilRealize o seu sonho de ter uma mesa de Poker Oficial, igual aquelas vistas em torneios profissionais, sem perder o espa\u00e7o utilizado na sua casa.Imagine como ser\u00e1 receber seus amigos para uma partida (ou um torneio) de Poker e colocar eles em uma Mesa [&hellip;]<\/p>\n","protected":false},"author":1,"featured_media":0,"parent":0,"menu_order":0,"comment_status":"closed","ping_status":"closed","template":"","meta":{"_et_pb_use_builder":"on","_et_pb_old_content":"","_et_gb_content_width":"","footnotes":""},"class_list":["post-198","page","type-page","status-publish","hentry"],"_links":{"self":[{"href":"https:\/\/planetpoker.com.br\/index.php\/wp-json\/wp\/v2\/pages\/198","targetHints":{"allow":["GET"]}}],"collection":[{"href":"https:\/\/planetpoker.com.br\/index.php\/wp-json\/wp\/v2\/pages"}],"about":[{"href":"https:\/\/planetpoker.com.br\/index.php\/wp-json\/wp\/v2\/types\/page"}],"author":[{"embeddable":true,"href":"https:\/\/planetpoker.com.br\/index.php\/wp-json\/wp\/v2\/users\/1"}],"replies":[{"embeddable":true,"href":"https:\/\/planetpoker.com.br\/index.php\/wp-json\/wp\/v2\/comments?post=198"}],"version-history":[{"count":13,"href":"https:\/\/planetpoker.com.br\/index.php\/wp-json\/wp\/v2\/pages\/198\/revisions"}],"predecessor-version":[{"id":236,"href":"https:\/\/planetpoker.com.br\/index.php\/wp-json\/wp\/v2\/pages\/198\/revisions\/236"}],"wp:attachment":[{"href":"https:\/\/planetpoker.com.br\/index.php\/wp-json\/wp\/v2\/media?parent=198"}],"curies":[{"name":"wp","href":"https:\/\/api.w.org\/{rel}","templated":true}]}}